{"id":244,"date":"2022-12-16T20:25:57","date_gmt":"2022-12-16T20:25:57","guid":{"rendered":"https:\/\/escuelafatima-quevedo.com\/sitioweb\/?page_id=244"},"modified":"2023-03-09T17:47:22","modified_gmt":"2023-03-09T17:47:22","slug":"ideario","status":"publish","type":"page","link":"https:\/\/escuelafatima-quevedo.com\/sitioweb\/ideario\/","title":{"rendered":"IDEARIO"},"content":{"rendered":"\n\n\n\n<p>Orientaci\u00f3n acad\u00e9mica&nbsp;<\/p>\n<h4>Ideario<\/h4>\n<h6>&nbsp;<\/h6><h6><br><\/h6><h6>Como Escuela Cat\u00f3lica, inspirada en el estilo de Jes\u00fas, vivenciamos una pedagog\u00eda abierta, flexible y constructivista adaptada a la realidad de los educandos, incorporando las innovaciones did\u00e1cticas que la calidad educativa exige. Como respuesta a estos principios, nuestros idearios contemplan los siguientes puntos:<\/h6><h6><br><\/h6><h6>1.<span style=\"white-space:pre\">\t<\/span>Afirmamos que todos los hombres y mujeres tienen derecho inalienable a una educaci\u00f3n integral e intercultural, favoreciendo a un ambiente de solidaridad y respeto a la naturaleza como condici\u00f3n indispensable para el buen vivir.<\/h6><h6><br><\/h6><h6>2.<span style=\"white-space:pre\">\t<\/span>Contamos con una educaci\u00f3n integral y coherente, que atiende el desarrollo total y arm\u00f3nico de las personas, siguiendo el estilo de vida de Jes\u00fas, que es centro y fundamento de nuestra acci\u00f3n educativa.<\/h6><h6><br><\/h6><h6>3.<span style=\"white-space:pre\">\t<\/span>Educamos para promover una conciencia cr\u00edtica que posibilite un cambio efectivo en la persona, para lograr una sociedad estructurada en los valores cristianos y humanos.<\/h6><h6><br><\/h6><h6>4.<span style=\"white-space:pre\">\t<\/span>Vivimos nuestro rol de docentes cristianos con una conciencia clara que realizamos la misi\u00f3n que Jes\u00fas nos conf\u00eda.<\/h6><h6><br><\/h6><h6>5.<span style=\"white-space:pre\">\t<\/span>Nos caracterizamos por tener una actualizaci\u00f3n profesional permanente para asumir los cambios que la sociedad nos impone.<\/h6><h6><br><\/h6><h6>6.<span style=\"white-space:pre\">\t<\/span>Formamos ni\u00f1as, ni\u00f1os y adolescentes para que desarrollen su autonom\u00eda y aprendan a ejercer progresivamente sus libertades.<\/h6><h6><br><\/h6><h6>7.<span style=\"white-space:pre\">\t<\/span>Fortalecemos en los educandos su vida de fe, a trav\u00e9s del conocimiento de Jes\u00fas y Mar\u00eda, con la Palabra de Dios proclamada y con el ejemplo.<\/h6><h6><br><\/h6><h6>8.<span style=\"white-space:pre\">\t<\/span>Potenciamos la amistad y el trabajo en equipo cultivando relaciones interpersonales positivas con todos los integrantes de la Comunidad Educativa.<\/h6><h6><br><\/h6><h6>9.<span style=\"white-space:pre\">\t<\/span>Desarrollamos Proyectos Escolares encaminados a potenciar los talentos, destrezas y habilidades de cada uno de los estudiantes.<\/h6><h6><br><\/h6><h6>10.<span style=\"white-space:pre\">\t<\/span>Capacitamos a los padres de familia en su tarea educativa, reconociendo que son los primeros responsables en la formaci\u00f3n de sus hijos e hijas.<\/h6><h6><br><\/h6><h6>11.<span style=\"white-space:pre\">\t<\/span>Fomentamos en los padres de familia el sentido de pertenencia, brindando espacios de participaci\u00f3n, colaboraci\u00f3n y cumplimiento de sus responsabilidades y compromisos para con la Instituci\u00f3n y su filosof\u00eda.<\/h6><h6><br><\/h6><h6>12.<span style=\"white-space:pre\">\t<\/span>Nos proyectamos a construir un mundo donde cabemos todos, donde brindemos las mismas oportunidades sin excepciones culturales, religiosas, f\u00edsicas, sociales, \u00e9tnicas y de g\u00e9nero.<\/h6>\n\n\n\n\n\n\nn\n\n\n<h4>Instalaci\u00f3n<\/h4>\n<h6>Nuestra Se\u00f1ora de F\u00e1tima<\/h6>\n\r\n<p>Lorem ipsum dolor sit amet, consectetur adipiscing elit.Lorem ipsum dolor sit amet, consectetur.<\/p>\r\n\n\n\n\n\n\n\n\nn\n\n\n\r\n<h4>Virgen de F\u00e1tima<\/h4>\r\n\n\r\n<h6>Studious For Life Become Better<\/h6>\r\n\n\r\n<p>Lorem ipsum dolor sit amet, consectetur adipiscing elit.Lorem ipsum dolor sit amet, consectetur.<\/p>\r\n\n\n\n\n\n\n\n\n\n\n\r\n<h4>Actividades Educativas<\/h4>\r\n\n\r\n<h4>Desempe\u00f1o acad\u00e9mico\u00a0<\/h4>\r\n\n\n\n\r\n<p>Brindamos\u00a0 conocimientos, interes y fromamos personas felices capases de desarrollar actividades interesa<\/p>\r\n\n\n\n\n\n\n","protected":false},"excerpt":{"rendered":"","protected":false},"author":1,"featured_media":0,"parent":0,"menu_order":0,"comment_status":"closed","ping_status":"closed","template":"","meta":{"footnotes":""},"class_list":["post-244","page","type-page","status-publish","hentry"],"_links":{"self":[{"href":"https:\/\/escuelafatima-quevedo.com\/sitioweb\/wp-json\/wp\/v2\/pages\/244","targetHints":{"allow":["GET"]}}],"collection":[{"href":"https:\/\/escuelafatima-quevedo.com\/sitioweb\/wp-json\/wp\/v2\/pages"}],"about":[{"href":"https:\/\/escuelafatima-quevedo.com\/sitioweb\/wp-json\/wp\/v2\/types\/page"}],"author":[{"embeddable":true,"href":"https:\/\/escuelafatima-quevedo.com\/sitioweb\/wp-json\/wp\/v2\/users\/1"}],"replies":[{"embeddable":true,"href":"https:\/\/escuelafatima-quevedo.com\/sitioweb\/wp-json\/wp\/v2\/comments?post=244"}],"version-history":[{"count":7,"href":"https:\/\/escuelafatima-quevedo.com\/sitioweb\/wp-json\/wp\/v2\/pages\/244\/revisions"}],"predecessor-version":[{"id":305,"href":"https:\/\/escuelafatima-quevedo.com\/sitioweb\/wp-json\/wp\/v2\/pages\/244\/revisions\/305"}],"wp:attachment":[{"href":"https:\/\/escuelafatima-quevedo.com\/sitioweb\/wp-json\/wp\/v2\/media?parent=244"}],"curies":[{"name":"wp","href":"https:\/\/api.w.org\/{rel}","templated":true}]}}