{"id":19,"date":"2022-12-11T18:16:02","date_gmt":"2022-12-11T18:16:02","guid":{"rendered":"https:\/\/escuelafatima-quevedo.com\/sitioweb\/home\/"},"modified":"2025-10-14T20:44:46","modified_gmt":"2025-10-14T20:44:46","slug":"home","status":"publish","type":"page","link":"https:\/\/escuelafatima-quevedo.com\/sitioweb\/","title":{"rendered":"Inicio"},"content":{"rendered":"\n\n\n\n\n\n\n\n\n\n\n\n\n\n<span style=\"color:#003700;\">ADMISIONES 2026<\/span>\n<p>Para ser parte de nuestra familia realice la inscripci\u00f3n seleccionando la siguiente opci\u00f3n.<\/p>\n\n\n\n\n\n\n\n\n\n\n<h2>Niveles Educativos<\/h2>\n\n\n\n<p style=\"font-size:22px;font-weight:500;color:#fff;line-height:1.5;padding-top:45px\">Preparatoria<br><\/p>\n<p style=\"font-size:22px;font-weight:500;color:#fff;line-height:1.5;padding-top:45px\"><font style=\"vertical-align: inherit;\"><font style=\"vertical-align: inherit;\">B\u00e1sica superior<\/font><\/font><\/p>\n\n\n<p style=\"font-size:22px;font-weight:500;color:#fff;line-height:1.5;padding-top:45px\">B\u00e1sica elemental<\/p>\n<p style=\"font-size:22px;font-weight:500;color:#fff;line-height:1.5;padding-top:45px\">Bachillerato<\/p>\n\n\n<p style=\"font-size:22px;font-weight:500;color:#fff;line-height:1.5;padding-top:45px\">B\u00e1sica media<\/p>\n\n\n\n\n\n\n\n\n\n\n\n\n\n<p><br><\/p>\n<p><br><\/p>\n<p><br><\/p>\n<p><br><\/p>\n<p><br><\/p>\n<p><br><\/p>\n<p><br><\/p>\n<p><br><\/p>\n\n\n\n\n<h2>Horario de atenci\u00f3n&nbsp;<\/h2>\n\n\n\n\n<h6><font style=\"vertical-align: inherit;\"><font style=\"vertical-align: inherit;\"><font style=\"vertical-align: inherit;\"><font style=\"vertical-align: inherit;\">Direcci\u00f3n<\/font><\/font><\/font><\/font><\/h6>\n\n\n\n\n<h6><font style=\"vertical-align: inherit;\"><font style=\"vertical-align: inherit;\"><font style=\"vertical-align: inherit;\"><font style=\"vertical-align: inherit;\">Administraci\u00f3n<\/font><\/font><\/font><\/font><\/h6>\n\n\n\n\n<h6><font style=\"vertical-align: inherit;\"><font style=\"vertical-align: inherit;\"><font style=\"vertical-align: inherit;\"><font style=\"vertical-align: inherit;\">Secretar\u00eda&nbsp;<\/font><\/font><\/font><\/font><\/h6>\n\n\n<p><br><\/p>\n<h2><br><\/h2>\n\n\n\n\n\n\n<h4 style=\"color: rgb(0, 102, 204);\">Ofertas<\/h4>\n<h2>Educativas<\/h2>\n\n\n<h6>Escuela F\u00e1tima&nbsp;<\/h6>\n\n\n\n\n\n\n\n\n\n\n\n\n\n\n\n<p><br><\/p>\n\n\n\n\n\n\n\n\n\n\n\n\n<h4>Classroom<\/h4>\n<h6>Plataforma acad\u00e9mica<\/h6>\nHerramienta dise\u00f1ada para apoyar   a los docentes y estudiantes en la realizaci\u00f3n de sus clases de forma virtual.&nbsp; &nbsp;&nbsp;<o:p><\/o:p><\/h6>\n\n\n\n\n\n\n\n\n\n\n\n<h4><font style=\"vertical-align: inherit;\"><font style=\"vertical-align: inherit;\">Consejo estudiantil<\/font><\/font><\/h4>\nGrupo de estudiantes que lideran a sus compa\u00f1eras y los dirigen hacia la b\u00fasqueda del mejoramiento de su calidad acad\u00e9mica, sus niveles de desempe\u00f1o y su comportamiento.\n\n\n\n\n","protected":false},"excerpt":{"rendered":"","protected":false},"author":0,"featured_media":0,"parent":0,"menu_order":0,"comment_status":"closed","ping_status":"closed","template":"","meta":{"footnotes":""},"class_list":["post-19","page","type-page","status-publish","hentry"],"_links":{"self":[{"href":"https:\/\/escuelafatima-quevedo.com\/sitioweb\/wp-json\/wp\/v2\/pages\/19","targetHints":{"allow":["GET"]}}],"collection":[{"href":"https:\/\/escuelafatima-quevedo.com\/sitioweb\/wp-json\/wp\/v2\/pages"}],"about":[{"href":"https:\/\/escuelafatima-quevedo.com\/sitioweb\/wp-json\/wp\/v2\/types\/page"}],"replies":[{"embeddable":true,"href":"https:\/\/escuelafatima-quevedo.com\/sitioweb\/wp-json\/wp\/v2\/comments?post=19"}],"version-history":[{"count":92,"href":"https:\/\/escuelafatima-quevedo.com\/sitioweb\/wp-json\/wp\/v2\/pages\/19\/revisions"}],"predecessor-version":[{"id":453,"href":"https:\/\/escuelafatima-quevedo.com\/sitioweb\/wp-json\/wp\/v2\/pages\/19\/revisions\/453"}],"wp:attachment":[{"href":"https:\/\/escuelafatima-quevedo.com\/sitioweb\/wp-json\/wp\/v2\/media?parent=19"}],"curies":[{"name":"wp","href":"https:\/\/api.w.org\/{rel}","templated":true}]}}